{"id":781,"date":"2022-09-16T07:31:38","date_gmt":"2022-09-16T07:31:38","guid":{"rendered":"https:\/\/www.elcarmelolima.edu.pe\/inicio\/?page_id=781"},"modified":"2023-03-17T18:25:09","modified_gmt":"2023-03-17T18:25:09","slug":"infraestructura","status":"publish","type":"page","link":"https:\/\/www.elcarmelolima.edu.pe\/inicio\/infraestructura\/","title":{"rendered":": Infraestructura :"},"content":{"rendered":"<p>[vc_row][vc_column][vc_column_text]El CEP \u201cEl Carmelo\u201d fue construido en el a\u00f1o 1963, en la calle Daniel A. Robles N\u00ba 380, Pueblo Libre.<\/p>\n<p>&nbsp;<\/p>\n<p>El colegio presenta instalaciones diversas: aulas, laboratorios, auditorio, biblioteca, laboratorios de computaci\u00f3n, sala de gimnasia, capilla, losas deportivas, sala de arte, guardando su funcionamiento total independencia en cada uno de los grados.<\/p>\n<p>&nbsp;<\/p>\n<p>Contamos con dos pabellones de aulas distribuidos en forma de \u201cT\u201d y amplios coredores en el primer y segundo piso del centro educativo.<\/p>\n<p>&nbsp;<\/p>\n<p>Tenemos una zona destinada para la secci\u00f3n de educaci\u00f3n inicial, que se encuentra en un \u00e1rea especialmente acondicionada para la educaci\u00f3n y recreaci\u00f3n.<\/p>\n<p>&nbsp;<\/p>\n<p>El colegio presenta dos patios amplios, donde se pueden apreciar canchas de b\u00e1squet y v\u00f3ley.<\/p>\n<p>&nbsp;<\/p>\n<p>Contamos con una acogedora capilla al ingreso del colegio, donde nuestros alumnos acceden para vivir momentos de encuentro y oraci\u00f3n con Jes\u00fas.<\/p>\n<p>&nbsp;<\/p>\n<p>El colegio cuenta con dos ingresos: el principal por la calle Daniel A Robles, y el segundo a trav\u00e9s del Jr. Alfredo Maldonado (antes Jos\u00e9 Pay\u00e1n).[\/vc_column_text][\/vc_column][\/vc_row]<\/p>\n","protected":false},"excerpt":{"rendered":"<p>[vc_row][vc_column][vc_column_text]El CEP \u201cEl Carmelo\u201d fue construido en el a\u00f1o 1963, en la calle Daniel A. Robles N\u00ba 380, Pueblo Libre&#8230;.<\/p>\n","protected":false},"author":1,"featured_media":0,"parent":0,"menu_order":0,"comment_status":"closed","ping_status":"closed","template":"","meta":{"_joinchat":[]},"_links":{"self":[{"href":"https:\/\/www.elcarmelolima.edu.pe\/inicio\/wp-json\/wp\/v2\/pages\/781"}],"collection":[{"href":"https:\/\/www.elcarmelolima.edu.pe\/inicio\/wp-json\/wp\/v2\/pages"}],"about":[{"href":"https:\/\/www.elcarmelolima.edu.pe\/inicio\/wp-json\/wp\/v2\/types\/page"}],"author":[{"embeddable":true,"href":"https:\/\/www.elcarmelolima.edu.pe\/inicio\/wp-json\/wp\/v2\/users\/1"}],"replies":[{"embeddable":true,"href":"https:\/\/www.elcarmelolima.edu.pe\/inicio\/wp-json\/wp\/v2\/comments?post=781"}],"version-history":[{"count":6,"href":"https:\/\/www.elcarmelolima.edu.pe\/inicio\/wp-json\/wp\/v2\/pages\/781\/revisions"}],"predecessor-version":[{"id":830,"href":"https:\/\/www.elcarmelolima.edu.pe\/inicio\/wp-json\/wp\/v2\/pages\/781\/revisions\/830"}],"wp:attachment":[{"href":"https:\/\/www.elcarmelolima.edu.pe\/inicio\/wp-json\/wp\/v2\/media?parent=781"}],"curies":[{"name":"wp","href":"https:\/\/api.w.org\/{rel}","templated":true}]}}