{"id":668,"date":"2020-10-27T03:46:57","date_gmt":"2020-10-27T03:46:57","guid":{"rendered":"http:\/\/localhost\/elcarme\/?page_id=668"},"modified":"2022-11-24T23:15:18","modified_gmt":"2022-11-24T23:15:18","slug":"nosotros","status":"publish","type":"page","link":"https:\/\/www.elcarmelolima.edu.pe\/inicio\/nosotros\/","title":{"rendered":": Nosotros :"},"content":{"rendered":"<p>[vc_row][vc_column width=\u00bb1\/2&#8243;][vc_column_text]El Centro Educativo Particular \u201cEl Carmelo\u201d, fue creado por Resoluci\u00f3n Directoral N\u00b0 00142 el 02 de febrero de 1963, autoriz\u00e1ndose el funcionamiento de una Escuela Mixta. Posteriormente se crea la Educaci\u00f3n Secundaria por Resoluci\u00f3n Directoral N\u00b0 1601 del 27 de marzo de 1968.<\/p>\n<p>&nbsp;<\/p>\n<p>El Carmelo es dirigido por la Congregaci\u00f3n Carmelitas Misioneras quienes con sentido profundo de Iglesia y como respuesta a las necesidades m\u00e1s urgentes de nuestro pa\u00eds, se dedican a la Educaci\u00f3n con la finalidad de dar una formaci\u00f3n integral desde una concepci\u00f3n cristiana del hombre, del mundo y de la vida. Siendo Cristo la base y fundamento del proyecto educativo.<\/p>\n<p>&nbsp;<\/p>\n<p>El fundador de la Congregaci\u00f3n es el Beato Francisco Palau y Quer, del cual han heredado valores propios del Carmelo Teresiano-San Juanista como actitud orante, acogida, amistad, alegr\u00eda, sencillez, respeto y el compromiso en el cambio de la sociedad, desde una actitud contemplativa del mundo y su acontecer hist\u00f3rico.[\/vc_column_text][\/vc_column][vc_column width=\u00bb1\/2&#8243;]<\/p>\n<div class=\"image wrap-box style-3 below\" style=\"\">\n<div class=\"wrap-box-inner\"><img class=\"wrap-box-element\" style=\" \" src=\"http:\/\/www.elcarmelolima.edu.pe\/inicio\/wp-content\/uploads\/2022\/09\/imagen_interior-13.jpg\" alt=\"\"\/><\/div>\n<\/div>\n<div class=\"image wrap-box no-style below\" style=\"\">\n<div class=\"wrap-box-inner\"><\/div>\n<\/div>\n<div class=\"image wrap-box no-style below\" style=\"\">\n<div class=\"wrap-box-inner\"><\/div>\n<\/div>\n<p>[\/vc_column][\/vc_row]<\/p>\n","protected":false},"excerpt":{"rendered":"<p>[vc_row][vc_column width=\u00bb1\/2&#8243;][vc_column_text]El Centro Educativo Particular \u201cEl Carmelo\u201d, fue creado por Resoluci\u00f3n Directoral N\u00b0 00142 el 02 de febrero de 1963,&#8230;<\/p>\n","protected":false},"author":1,"featured_media":0,"parent":0,"menu_order":0,"comment_status":"closed","ping_status":"closed","template":"","meta":{"_joinchat":[]},"_links":{"self":[{"href":"https:\/\/www.elcarmelolima.edu.pe\/inicio\/wp-json\/wp\/v2\/pages\/668"}],"collection":[{"href":"https:\/\/www.elcarmelolima.edu.pe\/inicio\/wp-json\/wp\/v2\/pages"}],"about":[{"href":"https:\/\/www.elcarmelolima.edu.pe\/inicio\/wp-json\/wp\/v2\/types\/page"}],"author":[{"embeddable":true,"href":"https:\/\/www.elcarmelolima.edu.pe\/inicio\/wp-json\/wp\/v2\/users\/1"}],"replies":[{"embeddable":true,"href":"https:\/\/www.elcarmelolima.edu.pe\/inicio\/wp-json\/wp\/v2\/comments?post=668"}],"version-history":[{"count":10,"href":"https:\/\/www.elcarmelolima.edu.pe\/inicio\/wp-json\/wp\/v2\/pages\/668\/revisions"}],"predecessor-version":[{"id":764,"href":"https:\/\/www.elcarmelolima.edu.pe\/inicio\/wp-json\/wp\/v2\/pages\/668\/revisions\/764"}],"wp:attachment":[{"href":"https:\/\/www.elcarmelolima.edu.pe\/inicio\/wp-json\/wp\/v2\/media?parent=668"}],"curies":[{"name":"wp","href":"https:\/\/api.w.org\/{rel}","templated":true}]}}

<p>[vc_row][vc_column width=»1/2&#8243;][vc_column_text]El Centro Educativo Particular “El Carmelo”, fue creado por Resolución Directoral N° 00142 el 02 de febrero de 1963, autorizándose el funcionamiento de una Escuela Mixta. Posteriormente se crea la Educación Secundaria por Resolución Directoral N° 1601 del 27 de marzo de 1968.</p>
<p>&nbsp;</p>
<p>El Carmelo es dirigido por la Congregación Carmelitas Misioneras quienes con sentido profundo de Iglesia y como respuesta a las necesidades más urgentes de nuestro país, se dedican a la Educación con la finalidad de dar una formación integral desde una concepción cristiana del hombre, del mundo y de la vida. Siendo Cristo la base y fundamento del proyecto educativo.</p>
<p>&nbsp;</p>
<p>El fundador de la Congregación es el Beato Francisco Palau y Quer, del cual han heredado valores propios del Carmelo Teresiano-San Juanista como actitud orante, acogida, amistad, alegría, sencillez, respeto y el compromiso en el cambio de la sociedad, desde una actitud contemplativa del mundo y su acontecer histórico.[/vc_column_text][/vc_column][vc_column width=»1/2&#8243;]</p>
<div class="image wrap-box style-3 below" style="">
<div class="wrap-box-inner"><img class="wrap-box-element" style=" " src="http://www.elcarmelolima.edu.pe/inicio/wp-content/uploads/2022/09/imagen_interior-13.jpg" alt=""/></div>
</div>
<div class="image wrap-box no-style below" style="">
<div class="wrap-box-inner"></div>
</div>
<div class="image wrap-box no-style below" style="">
<div class="wrap-box-inner"></div>
</div>
<p>[/vc_column][/vc_row]</p>

<p>[vc_row][vc_column width=»1/2&#8243;][vc_column_text]El Centro Educativo Particular “El Carmelo”, fue creado por Resolución Directoral N° 00142 el 02 de febrero de 1963,&#8230;</p>
