{"id":11,"date":"2018-11-19T04:36:16","date_gmt":"2018-11-19T04:36:16","guid":{"rendered":"http:\/\/localhost\/san_francisco\/?page_id=11"},"modified":"2022-09-16T06:53:17","modified_gmt":"2022-09-16T06:53:17","slug":"carmelitas_misioneras","status":"publish","type":"page","link":"https:\/\/www.elcarmelolima.edu.pe\/inicio\/carmelitas_misioneras\/","title":{"rendered":": Carmelitas Misioneras :"},"content":{"rendered":"<p>[vc_row content_placement=\u00bbmiddle\u00bb][vc_column width=\u00bb1\/2&#8243;][vc_column_text]Somos una congregaci\u00f3n religiosa. Nuestra familia fue fundada por el P. Francisco Palau Quer en 1860, en Espa\u00f1a. En la actualidad trabajamos en 37 pa\u00edses repartidos por los cinco continentes.<\/p>\n<p>&nbsp;<\/p>\n<p>Todas las Carmelitas Misioneras tenemos una misma misi\u00f3n en la iglesia: SER SIGNOS DE COMUNI\u00d3N, construyendo un mundo m\u00e1s humano, fraterno y solidario. Vivimos en comunidad para compartir el gozo de la fraternidad, la oraci\u00f3n y el servicio a la Iglesia. La realidad nos anima y desaf\u00eda a vivir con empe\u00f1o nuestra vocaci\u00f3n contribuyendo a la transformaci\u00f3n de la sociedad.<\/p>\n<p>&nbsp;<\/p>\n<p>El fundador de la Congregaci\u00f3n es el Beato Francisco Palau y Quer, del cual han heredado valores propios del Carmelo Teresiano-San Juanista como actitud orante, acogida, amistad, alegr\u00eda, sencillez, respeto y el compromiso en el cambio de la sociedad, desde una actitud contemplativa del mundo y su acontecer hist\u00f3rico.<\/p>\n<p>&nbsp;<\/p>\n<p>Somos contemplativas del Dios Vivo presente en la historia, oramos al estilo del Padre Francisco Palau: en la Iglesia y con la Iglesia. Mar\u00eda, la Virgen del Carmen, es nuestra amiga y modelo a seguir.<\/p>\n<p>&nbsp;<\/p>\n<p>Desde los diferentes apostolados y misiones las Carmelitas Misioneras:<\/p>\n<p>&nbsp;<\/p>\n<ul>\n<li>Promovemos la vida espiritual: el encuentro con uno mismo, con el otro, con Dios y el cosmos.<\/li>\n<\/ul>\n<ul>\n<li>Defendemos la vida y los derechos humanos.<\/li>\n<\/ul>\n<ul>\n<li>Promovemos la participaci\u00f3n de los laicos.<\/li>\n<\/ul>\n<ul>\n<li>Acompa\u00f1amos y caminamos con los j\u00f3venes hasta la definici\u00f3n de su opci\u00f3n vocacional.<\/li>\n<\/ul>\n<ul>\n<li>Acompa\u00f1amos comunidades cristianas.<\/li>\n<\/ul>\n<ul>\n<li>Somos agentes y sujetos de evangelizaci\u00f3n desde el compartir fraterno y solidario con el pueblo.<\/li>\n<\/ul>\n<ul>\n<li>Educamos para la justicia y la fraternidad.<\/li>\n<\/ul>\n<p>[\/vc_column_text][\/vc_column][vc_column width=\u00bb1\/2&#8243;]<\/p>\n<div class=\"image wrap-box style-5 below\" style=\"\">\n<div class=\"wrap-box-inner\">\n<div class=\"shadow-wrap\"><img class=\"wrap-box-element\" style=\" \" src=\"http:\/\/www.elcarmelolima.edu.pe\/inicio\/wp-content\/uploads\/2022\/09\/imagen_interior-12.jpg\" alt=\"\"\/><\/div>\n<\/div>\n<\/div>\n<div class=\"image wrap-box style-5 below\" style=\"\">\n<div class=\"wrap-box-inner\">\n<div class=\"shadow-wrap\"><img class=\"wrap-box-element\" style=\" \" src=\"http:\/\/www.elcarmelolima.edu.pe\/inicio\/wp-content\/uploads\/2022\/09\/imagen_interior-6.jpg\" alt=\"\"\/><\/div>\n<\/div>\n<\/div>\n<p>[\/vc_column][\/vc_row]<\/p>\n","protected":false},"excerpt":{"rendered":"<p>[vc_row content_placement=\u00bbmiddle\u00bb][vc_column width=\u00bb1\/2&#8243;][vc_column_text]Somos una congregaci\u00f3n religiosa. Nuestra familia fue fundada por el P. Francisco Palau Quer en 1860, en Espa\u00f1a&#8230;.<\/p>\n","protected":false},"author":1,"featured_media":0,"parent":0,"menu_order":0,"comment_status":"closed","ping_status":"closed","template":"","meta":{"_joinchat":[]},"_links":{"self":[{"href":"https:\/\/www.elcarmelolima.edu.pe\/inicio\/wp-json\/wp\/v2\/pages\/11"}],"collection":[{"href":"https:\/\/www.elcarmelolima.edu.pe\/inicio\/wp-json\/wp\/v2\/pages"}],"about":[{"href":"https:\/\/www.elcarmelolima.edu.pe\/inicio\/wp-json\/wp\/v2\/types\/page"}],"author":[{"embeddable":true,"href":"https:\/\/www.elcarmelolima.edu.pe\/inicio\/wp-json\/wp\/v2\/users\/1"}],"replies":[{"embeddable":true,"href":"https:\/\/www.elcarmelolima.edu.pe\/inicio\/wp-json\/wp\/v2\/comments?post=11"}],"version-history":[{"count":14,"href":"https:\/\/www.elcarmelolima.edu.pe\/inicio\/wp-json\/wp\/v2\/pages\/11\/revisions"}],"predecessor-version":[{"id":766,"href":"https:\/\/www.elcarmelolima.edu.pe\/inicio\/wp-json\/wp\/v2\/pages\/11\/revisions\/766"}],"wp:attachment":[{"href":"https:\/\/www.elcarmelolima.edu.pe\/inicio\/wp-json\/wp\/v2\/media?parent=11"}],"curies":[{"name":"wp","href":"https:\/\/api.w.org\/{rel}","templated":true}]}}

<p>[vc_row content_placement=»middle»][vc_column width=»1/2&#8243;][vc_column_text]Somos una congregación religiosa. Nuestra familia fue fundada por el P. Francisco Palau Quer en 1860, en España. En la actualidad trabajamos en 37 países repartidos por los cinco continentes.</p>
<p>&nbsp;</p>
<p>Todas las Carmelitas Misioneras tenemos una misma misión en la iglesia: SER SIGNOS DE COMUNIÓN, construyendo un mundo más humano, fraterno y solidario. Vivimos en comunidad para compartir el gozo de la fraternidad, la oración y el servicio a la Iglesia. La realidad nos anima y desafía a vivir con empeño nuestra vocación contribuyendo a la transformación de la sociedad.</p>
<p>&nbsp;</p>
<p>El fundador de la Congregación es el Beato Francisco Palau y Quer, del cual han heredado valores propios del Carmelo Teresiano-San Juanista como actitud orante, acogida, amistad, alegría, sencillez, respeto y el compromiso en el cambio de la sociedad, desde una actitud contemplativa del mundo y su acontecer histórico.</p>
<p>&nbsp;</p>
<p>Somos contemplativas del Dios Vivo presente en la historia, oramos al estilo del Padre Francisco Palau: en la Iglesia y con la Iglesia. María, la Virgen del Carmen, es nuestra amiga y modelo a seguir.</p>
<p>&nbsp;</p>
<p>Desde los diferentes apostolados y misiones las Carmelitas Misioneras:</p>
<p>&nbsp;</p>
<ul>
<li>Promovemos la vida espiritual: el encuentro con uno mismo, con el otro, con Dios y el cosmos.</li>
</ul>
<ul>
<li>Defendemos la vida y los derechos humanos.</li>
</ul>
<ul>
<li>Promovemos la participación de los laicos.</li>
</ul>
<ul>
<li>Acompañamos y caminamos con los jóvenes hasta la definición de su opción vocacional.</li>
</ul>
<ul>
<li>Acompañamos comunidades cristianas.</li>
</ul>
<ul>
<li>Somos agentes y sujetos de evangelización desde el compartir fraterno y solidario con el pueblo.</li>
</ul>
<ul>
<li>Educamos para la justicia y la fraternidad.</li>
</ul>
<p>[/vc_column_text][/vc_column][vc_column width=»1/2&#8243;]</p>
<div class="image wrap-box style-5 below" style="">
<div class="wrap-box-inner">
<div class="shadow-wrap"><img class="wrap-box-element" style=" " src="http://www.elcarmelolima.edu.pe/inicio/wp-content/uploads/2022/09/imagen_interior-12.jpg" alt=""/></div>
</div>
</div>
<div class="image wrap-box style-5 below" style="">
<div class="wrap-box-inner">
<div class="shadow-wrap"><img class="wrap-box-element" style=" " src="http://www.elcarmelolima.edu.pe/inicio/wp-content/uploads/2022/09/imagen_interior-6.jpg" alt=""/></div>
</div>
</div>
<p>[/vc_column][/vc_row]</p>

<p>[vc_row content_placement=»middle»][vc_column width=»1/2&#8243;][vc_column_text]Somos una congregación religiosa. Nuestra familia fue fundada por el P. Francisco Palau Quer en 1860, en España&#8230;.</p>
